-2*c + 96. Let a = z - o. Calculate the greatest common factor of a and 13.
13
Let n(a) = -a**3 - 7*a**2 - 3*a - 10. Let j be n(-7). Suppose 11*v - 204 + 193 = 0. What is the greatest common factor of v and j?
1
Let a be (9 - 3)/2 + (-2 - -1342). Calculate the greatest common factor of a and 79.
79
Suppose m = -5*b + 4127, -13*b - 5*m - 1640 = -15*b. Calculate the highest common divisor of b and 33.
33
Let r(k) = k**3 + 2*k**2 + k. Let t be r(-2). Let f be (2/(-4))/(t/4). Let h be (3*f)/(4/44). Calculate the greatest common factor of h and 11.
11
Suppose -6*i + 13192 = 28*i. Calculate the highest common divisor of 12 and i.
4
Suppose 0 = -17*o - 12 + 165. What is the highest common divisor of o and 9?
9
Suppose -4*q + 4 = q - 3*g, 4*q - 5*g = 11. Let m be (q - 0)*(3 - 11). What is the greatest common factor of 80 and m?
8
Let d be (2 - (-15 - -5))/(1 + 1). What is the highest common divisor of 18 and d?
6
Suppose 0 = r - 12*r + 770. What is the greatest common factor of 28 and r?
14
Suppose -142*s + 181*s = 936. What is the greatest common factor of s and 51?
3
Suppose 0 = -4*v - 2*v + 18. Suppose -3*f = v*f - 72. What is the greatest common factor of 12 and f?
12
Suppose -2*z - 4*u = 14, -6 = u + u. Let c be 84/12 + z + 1. Suppose 0 = 3*q - s + 2 - 37, -q + 5*s - c = 0. What is the highest common factor of 65 and q?
13
Let a = -346 - -406. Calculate the highest common factor of 315 and a.
15
Let d(h) = 10*h**2 - h. Let w be d(-1). Let u = w - 24. Let l = 25 + u. What is the highest common factor of 132 and l?
12
Let r(y) = 4*y - 6. Let b be r(6). Suppose 2*u - 7*u + 360 = 0. Calculate the highest common factor of b and u.
18
Let l(h) = h**3 + 11*h**2 - 15*h - 12. Let d be l(-12). What is the highest common divisor of d and 30?
6
Let a = 113 - 68. Suppose -w - 2*w - 4*x + 42 = 0, 4*w + 4*x - 60 = 0. Calculate the highest common divisor of w and a.
9
Suppose -2*a + 5 = -q, 7*q - 11*q + 4 = 4*a. What is the highest common divisor of 146 and a?
2
Let s(r) = 4*r**2 - 1. Let z(l) = -l**2 - 8*l + 10. Let h be z(-9). Let c be s(h). Suppose -260 = -c*a + 4. What is the greatest common factor of 8 and a?
8
Let w(x) = 5*x**3 + x**2 + 2*x - 2. Let t be w(1). Let c be (t/8)/(1/8). Calculate the highest common factor of c and 30.
6
Suppose -4*g - 29 = 731. Let z = -99 - g. Let n = 163 - z. What is the highest common factor of n and 9?
9
Let q = -37 + 101. Suppose 0 = -2*i - 0*z + 3*z + q, 5*z - 185 = -5*i. Calculate the highest common factor of 70 and i.
35
Let y(d) = 14*d - 1. Let s be y(1). Suppose 7*v + 3*v = 740. Let t = -35 + v. Calculate the greatest common divisor of s and t.
13
Let b(p) = 113*p**2 - 1. Let m(d) = -2*d. Let s be m(-1). Suppose s = 6*y - 4*y. Let f be b(y). Calculate the highest common factor of 14 and f.
14
Suppose 3*z + 87 = 2*x, -15 = 3*z - 0. Let w(c) = c**3 + 21*c**2 - 105*c - 98. Let y be w(-25). Calculate the highest common factor of y and x.
9
Suppose 5 = -8*m + 21. Suppose -m*q = -6, -f - f + q = -29. What is the greatest common factor of 112 and f?
16
Let d = 37 + -17. Suppose c = 0, 0 = 5*w + 2*c + 526 + 134. Let x = -32 - w. Calculate the highest common factor of d and x.
20
Let l(k) be the first derivative of -5*k**2/2 - 5*k + 2. Let f be l(-6). Suppose 270 - 130 = 28*r. Calculate the highest common divisor of f and r.
5
Let d = 38 - 22. Let y(p) = 32*p. Suppose 3*b + 2*f = 3*f + 2, 4*b - 5*f + 1 = 0. Let c be y(b). Calculate the highest common factor of c and d.
16
Let z be 8/12*306/4. Suppose 4*q + 5*g - z = 0, -q + 8 + 26 = -3*g. Calculate the highest common factor of q and 76.
19
Let b = -684 - -732. Calculate the highest common divisor of b and 384.
48
Let b(p) = -p - 9. Let v be b(-12). Let a(m) = -m**2 + 6*m - 4. Let y be a(v). What is the greatest common factor of y and 1?
1
Suppose 0 = -2*u - 2*u + 272. Let i = 48 + -43. Suppose 64 = i*k - 21. Calculate the highest common divisor of u and k.
17
Let x be 6 + (-9)/(-4 - -3). What is the highest common divisor of x and 2685?
15
Let v = 32 + -138. Let z = -62 - v. Let a = -16 + z. What is the greatest common divisor of 4 and a?
4
Let j be ((-20)/6)/((-2)/45). Let a be (15/(-9))/((25 + -9)/(-144)). Calculate the highest common factor of j and a.
15
Let i = 7 - -4. Let p = -9 + i. Suppose 0 = x - 2*x - b + 31, -2*b = p. What is the highest common divisor of 8 and x?
8
Suppose 3*a - 33 = -2*f, -9 = -13*a + 11*a + 3*f. Suppose -2*m + 9 = -m. What is the highest common factor of a and m?
9
Let r(g) = -9*g + 11. Suppose -d - 23 = 4*x, 0 + 13 = x + 4*d. Let v be r(x). What is the greatest common divisor of v and 37?
37
Let y be ((-87)/6)/((-13)/1560). What is the greatest common divisor of y and 120?
60
Let j = 70 + -32. Suppose d = 97 + 199. Suppose 3*v + 11 - d = 0. What is the highest common divisor of v and j?
19
Let t be 14/5*30/2. Let v(s) = -s + 4. Let k be v(4). Suppose -2*q + 44 = -k*m + m, -5*m = 2*q - 52. What is the greatest common divisor of q and t?
21
Let v = -2258 + 2446. Calculate the highest common factor of v and 235.
47
Suppose -2*c + 2*p = -4, -c = -146*p + 143*p + 4. What is the greatest common factor of 365 and c?
5
Let x be (120/(-9) + 8)/(2/6). Let p = 54 - x. What is the greatest common divisor of p and 10?
10
Let v be 2/(2 - (-1036)/(-525)). Suppose 9 + 11 = -5*f. Let u be 6/f*(0 - 10). Calculate the highest common factor of v and u.
15
Let r be 8/(-12) - (-34)/6. Suppose r*c = -8 + 48. What is the greatest common factor of 2 and c?
2
Let u = -154 + 164. Let j = -89 + 129. Suppose g + 0*g - j = 0. What is the highest common factor of u and g?
10
Suppose -q = -4*r + 43, -55 = -4*r + 2*q - 9. Let a(i) = -i**3 + 12*i**2 + 15*i - 16. Let n be a(13). Calculate the greatest common divisor of r and n.
10
Let i be 9/(-18) - -1*(-93)/(-6). What is the highest common factor of i and 24?
3
Let n = -30 - -14. Let o be 140/n + (-3)/(-4). Let k be (-1)/2 + (-788)/o. What is the highest common factor of 14 and k?
14
Let l be (-16*(-4)/24)/(4/6). Suppose -l*c + 19 = -45. What is the highest common divisor of c and 64?
16
Let d = 68 - 66. Suppose -3*k + 2*m = -d*k - 104, 4*m = 4*k - 432. What is the greatest common factor of k and 28?
28
Let t(h) = -83*h - 155. Let x be t(-13). What is the highest common factor of x and 252?
84
Suppose 666 = 3*x + w - 923, 5*x - 3*w - 2625 = 0. Suppose 82*t - x = 76*t. What is the highest common factor of 11 and t?
11
Suppose -170 = -3*p - 0*p + 5*a, p + a = 46. Suppose -17 = 3*c - p. Let q be 31/3 - (-2)/3. What is the greatest common divisor of c and q?
11
Let q be ((-6)/(-9))/((-4)/(-6)). Let b be (6/5)/q*5. Suppose 5*i - 280 = 5*n, -3*i - 2*n = -7*n - 172. Calculate the greatest common factor of i and b.
6
Let u(r) = 3*r**2 - 5*r + r**3 + 10 + 2*r**2 - 7 + r. Let y be u(3). Calculate the greatest common divisor of 7 and y.
7
Suppose -402 = -4*j - 3*k, 5*j - 639 = 2*k - 148. Let c(u) = 3*u - 27. Let l be c(12). Calculate the highest common divisor of l and j.
9
Let g(q) = q**3 + 15*q**2 - q - 8. Let c be g(-15). Suppose 2*r + 23 + c = 0. Let z be (-33)/(-15) - (-3)/r. What is the greatest common factor of 16 and z?
2
Let x(p) = 12*p + p - 12*p + p. Let f(n) = -3*n - 3. Let q be f(-3). Let c be x(q). Calculate the highest common factor of 132 and c.
12
Let d be (-2)/(-6) + (-246)/(-18). Suppose 0 = f - 3*f + d. What is the greatest common factor of 49 and f?
7
Suppose -42*v = -39*v - 477. Calculate the highest common factor of 53 and v.
53
Let d = -31 - -49. Let j be (-1)/(-4*3/(-84)). Let m = 43 + j. What is the highest common divisor of d and m?
18
Let j = -1 + 3. Suppose 0 = -3*v + r + r - 72, -j*r - 48 = 2*v. Let b be (3 + (-21)/6)*v. Calculate the greatest common divisor of 8 and b.
4
Let s = -1 + 3. Suppose 3*y = 2*d + 2*d + 293, -y + 99 = -s*d. Suppose 0*v = 2*n - 5*v - 175, -5*v + y = n. What is the highest common factor of n and 10?
10
Let v(h) = 8*h - 65. Let d be v(15). What is the greatest common factor of d and 44?
11
Let r be (-2)/8 + (-21373)/(-116). Calculate the greatest common divisor of r and 8.
8
Suppose -5*v = -3*j + 79, -v = 2*j - 17 - 14. Calculate the greatest common divisor of 603 and j.
9
Suppose -5*c + 437 = 137. Calculate the greatest common factor of c and 15.
15
Suppose -5*a + 26 = -2*i - 23, 